hest common factor of 3 and r.
1
Let r(n) be the first derivative of -345*n**2/2 - 30*n - 134. Let w be r(-1). What is the highest common factor of w and 126?
63
Let l(v) = v**2 + 26*v + 823. Let w be l(-32). Calculate the greatest common factor of 280 and w.
35
Let m(l) = -l**2 + 32*l - 268. Let s be m(26). Let j = -97 - s. What is the highest common divisor of 24 and j?
3
Let y = 17 - 14. Suppose 4*v - y*s = 80, 40 = 4*v - 2*v + 5*s. Calculate the greatest common divisor of v and 260.
20
Let i(l) = -2*l**3 - 12*l**2 + 12*l - 10. Let r be i(-7). Suppose -3*b + 98 = -r*c, b = -4*c + 12 + 42. What is the highest common factor of 494 and b?
38
Let k(w) = 5*w**2 + 25*w - 499. Let b be k(-33). What is the greatest common divisor of b and 52?
13
Let x(q) = 46*q**2 - 103*q + 481. Let m be x(5). What is the greatest common divisor of 36 and m?
36
Let d = -97 + 164. Let o(v) = 2*v**2 + 106*v - 41. Let z be o(-54). What is the highest common divisor of d and z?
67
Suppose 7*l - 3*l = -4*c + 1744, -c - 872 = -2*l. Suppose 3*x = 5*h + 476, -h = 3*x + 4*h - l. Let z = -22 + 41. What is the highest common divisor of z and x?
19
Suppose -v - 4*x = -4*v - 78, 2*x = -5*v - 104. Let s = -170 - -212. Let o = v + s. Calculate the greatest common divisor of o and 180.
20
Let x(b) = b - 8. Let r be x(11). Let w(d) = -29*d + 97. Let h be w(r). Calculate the greatest common factor of h and 280.
10
Let z = 34 + -21. Suppose -u - 2 - z = 0. Let c = u - -28. What is the greatest common factor of c and 117?
13
Suppose -228 = -2*v + 496*t - 500*t, -4*v = 2*t - 486. What is the greatest common factor of 465 and v?
31
Suppose 68*p + 142 = 69*p. Suppose 6816 = -10*r + 42*r. What is the highest common factor of p and r?
71
Suppose 2 = -t + 7. Suppose t*s + 29 = r, -r = 2*r + s - 167. Suppose 0*x + r = 6*x. What is the highest common divisor of 90 and x?
9
Let b(n) = -6*n**3 - 5*n**2 - 48*n - 257. Let z be b(-7). Calculate the greatest common divisor of 88 and z.
44
Suppose -24*q = -2920 - 776. Let y be (-11)/2*2*-2. What is the highest common factor of y and q?
22
Let q be 37*10 - (-8)/(-4). Suppose -70*a + 121 = -65*a - 2*n, 7*a - 173 = 4*n. What is the highest common divisor of a and q?
23
Suppose 0 = -0*z - 5*z + 20. Let q be -9 + 13 + (-6 - -289). Let p = -277 + q. Calculate the highest common factor of z and p.
2
Suppose -35*l + 10308 = 4720 - 41942. What is the greatest common divisor of 14 and l?
14
Let q be ((-14)/(-6) + 6)*9/3. Suppose -3*u - j = u - 143, 0 = -4*u - 2*j + 146. Calculate the highest common factor of u and q.
5
Suppose 0 = 4*o + 3*x - 29, 19*x - 25 = 24*x. Let i be -1 + 6*282/9. What is the greatest common divisor of o and i?
11
Let z be (15/(-4) - -5)*40/(-10). Let k be 8 - (0/(-6) + z). Let n = 430 + -287. What is the greatest common factor of k and n?
13
Let j = 263 + -131. Suppose 227*g - 562 = 224*g + 4*o, 5*g - 1006 = -2*o. What is the highest common factor of j and g?
66
Let b = 31824 - 31725. Suppose 3*u + 9 = 0, 4*z - 3*u - 27 = 2*z. What is the highest common divisor of z and b?
9
Suppose -3*o - 15 + 72 = 0. Let d(u) = 2*u**3 + 18*u**2 + 34*u + 99. Let l be d(-7). Calculate the greatest common divisor of o and l.
19
Let b = 412 - 410. Let j be 1099/2 - (-3 + 3/b). Calculate the highest common factor of 29 and j.
29
Let r = 1769 + -445. Let g be (-2)/(-3) - r/(-12). Suppose 0*c - 5*a = -c + g, -2*a + 10 = 0. Calculate the greatest common factor of c and 17.
17
Let c(x) = 45*x + 1411. Let r be c(-31). Suppose -17*v = -9596 - 1556. Calculate the greatest common factor of r and v.
16
Let v(b) = 27*b + 362. Let n be v(-11). What is the highest common factor of 104 and n?
13
Suppose 0*f + 4 = f. Suppose 5*a - 119 = 3*m - 83, 15 = -2*a - 3*m. Calculate the greatest common divisor of a and f.
1
Suppose -21*b = -168 - 4494. What is the greatest common divisor of b and 18?
6
Let b be 6/(-16)*(-136)/102 - (-318)/4. What is the highest common factor of b and 17640?
40
Let u = 546 - 542. Suppose 0 = s + u*b - 310, -4*b = -2*s + 208 + 448. What is the greatest common divisor of 23 and s?
23
Let j = 2662 - 115. What is the highest common factor of 9 and j?
9
Let w = -163 - -186. Suppose 8*g - w*g + 1290 = 0. What is the greatest common factor of 129 and g?
43
Suppose -t = -4*i - 71, 8 + 1 = 3*t. Let r be 19 + i + (-6)/(-2). Let g be (8/6)/(r/150). What is the greatest common factor of g and 16?
8
Let u = -63 + 67. Let f(l) = 16*l**3 + 5*l**2 + l - 2. Let t be f(2). Calculate the highest common factor of u and t.
4
Suppose -4*c - 6 = -3*w + 226, 4*w - 307 = 3*c. Suppose 2*x + i = 331 - w, -5*i = -4*x + 475. Calculate the greatest common factor of x and 5.
5
Suppose 643*x - 3942 = 616*x. What is the greatest common factor of x and 8249?
73
Suppose 2*b + 5*o - 12 - 3 = 0, -b + 30 = -5*o. Suppose -b*p + 3517 = 997. Calculate the highest common factor of 48 and p.
24
Suppose -36*c + 2485 = 35*c. What is the greatest common factor of c and 90?
5
Suppose 205 = 4*i + t, i - t = -5*t + 40. Let o be ((-266)/21 + 6)/((-4)/12). What is the highest common divisor of o and i?
4
Suppose 6*i - 18 = -0*i. Suppose -5*b = s - i, -6 = b + 4*s + 1. Suppose -g + b + 4 = 0, -3*u - 2*g + 106 = 0. What is the greatest common divisor of 8 and u?
8
Let v be (-223)/(-3345) + (-227516)/(-60). Calculate the greatest common divisor of 60 and v.
12
Suppose -3*y + 2448*f = 2450*f - 11005, 0 = -5*f - 35. What is the greatest common factor of y and 1?
1
Let n be 1150 - 3*(-50)/15. What is the greatest common divisor of 145 and n?
145
Suppose -6*s - 7 - 5 = 0. Let i be (-4 - s)/((-4 - -3) + 0). Suppose 0 = -3*y - i*y + 520. Calculate the highest common divisor of 13 and y.
13
Suppose 82*a + 12160 = 190*a - 89*a. What is the highest common divisor of a and 1060?
20
Suppose -2*v - 10 = -4*h, -5*v + 4*h + 873 - 856 = 0. What is the greatest common divisor of v and 333?
9
Suppose -5958 + 6114 = 3*f. Calculate the greatest common factor of f and 68.
4
Let y(t) = -24*t**2 + 40*t - 9. Let n be y(4). Let p = n + 245. Calculate the greatest common factor of p and 21.
3
Suppose 0 = 4*f + g - 289, -80 + 6 = -f - 2*g. Suppose 0 = -3*z + 29 - 146. Let n = z + 63. What is the greatest common factor of f and n?
24
Let c be (-20)/30 + (-28)/(-6). Suppose -43 = -3*q - 2*s, -3*q - c*s + 26 = -q. Suppose -3*w + 495 = -0*w. What is the highest common divisor of w and q?
15
Let v(z) = z**3 - 13*z**2 - 55*z + 76. Let o be v(16). Let k = -4 + 1. Let m be k + ((-4)/(-6))/((-1)/o). Calculate the greatest common divisor of 168 and m.
21
Suppose 14*k - 81707 + 64679 = 92508. Calculate the greatest common factor of 336 and k.
48
Let r(d) = 19*d**3 + 15*d**2 + 10*d - 139. Let g be r(8). What is the greatest common divisor of 36 and g?
9
Let u(c) be the first derivative of -2*c**2 - 44*c - 5. Let v be u(-11). Suppose 0 = 11*a - v*a - 385. Calculate the greatest common divisor of a and 350.
35
Suppose -628*a + 589*a = -11076. What is the greatest common factor of a and 497?
71
Let g be 1/(-6) - (-6 - 11/(-6)). Suppose g*b - 184 = -3*w, 67 + 121 = 3*w + 2*b. What is the greatest common factor of w and 16?
16
Let w = -359 + 385. Suppose -b + 1202 = -4*z, 3*b - 4783 = -2*z - 1107. What is the greatest common divisor of w and b?
26
Suppose z + 130 = -2*w - 201, 4*w + 1332 = -4*z. Let c = z - -428. Calculate the greatest common divisor of c and 31.
31
Let y be (1 - (-71)/(-1))*(-156)/(-52). Let h be (-67074)/y + (-4)/10. What is the highest common factor of h and 29?
29
Suppose 2*a - 5*r - 5412 = 0, -12*a = -10*a + 3*r - 5476. What is the highest common factor of a and 94?
94
Suppose -t + 561 = a, 8 = -0*t + 2*t. Suppose -2*k = 18*w - 13*w - 655, 5*k + a = 4*w. Calculate the greatest common divisor of w and 7.
7
Let r(y) = y**3 + 9*y**2 + 6*y + 4. Let h be r(-3). Let v be -6*h/(-48) + 265*1. Calculate the greatest common divisor of v and 20.
10
Let p be (-1 - 0)*1*(14 - 21). Suppose p*w - 152 = 3*w. Suppose c - 10 = w. What is the greatest common factor of 24 and c?
24
Suppose 60 + 28 = 8*l. Let x(n) = -6*n + n**3 - 6 + 10*n**2 + l*n + 4*n. Let j be x(-8). Calculate the highest common factor of j and 20.
10
Suppose 0 = 25*p + 7*p + 128. Let i be (-5350)/(-780)*6 - p/(-26). Calculate the greatest common divisor of 4 and i.